{"id":422,"date":"2011-11-09T23:19:29","date_gmt":"2011-11-09T22:19:29","guid":{"rendered":"https:\/\/www.terroir.sk\/sjvs\/\/"},"modified":"2024-06-10T10:13:00","modified_gmt":"2024-06-10T08:13:00","slug":"kam-za-vinom","status":"publish","type":"page","link":"https:\/\/www.terroir.sk\/sjvs\/kam-za-vinom\/","title":{"rendered":"Vin\u00e1ri"},"content":{"rendered":"<div class=\"wp-block-image\">\n<figure class=\"alignleft\"><a href=\"https:\/\/www.terroir.sk\/sjvs\/\/wp-content\/uploads\/2011\/11\/Oberacka-v-roku-1930-uprostred-farar-Viktor-Marko.jpg\"><img loading=\"lazy\" decoding=\"async\" width=\"150\" height=\"150\" src=\"https:\/\/www.terroir.sk\/sjvs\/\/wp-content\/uploads\/2011\/11\/Oberacka-v-roku-1930-uprostred-farar-Viktor-Marko-150x150.jpg\" alt=\"Oberacka v roku 1930 uprostred farar Viktor Marko\" class=\"wp-image-1146\"\/><\/a><\/figure>\n<\/div>\n\n\n<p>Pr\u00edrodn\u00e9 zlo\u017eky terroir dop\u013a\u0148a \u010dlovek &#8211; vinohradn\u00edk a vin\u00e1r, bez ktor\u00e9ho by v\u00edno nevzniklo. Vklad\u00e1 do\u0148 svoj nezamenite\u013en\u00fd rukopis. Vinohradn\u00edctvu vo Sv\u00e4tom Jure sa profesion\u00e1lne venuje v\u00e4\u010d\u0161ina \u010dlenov spolku, ktor\u00fdch zv\u00e4\u010d\u0161a rodinn\u00e9 firmy produkuj\u00fa origin\u00e1lne v\u00edna vysokej kvality, prezentuj\u00face sv\u00e4tojursk\u00fd terroir. Mnoh\u00ed obyvatelia mesta obr\u00e1baj\u00fa men\u0161ie plochy vin\u00edc a dor\u00e1baj\u00fa v\u00edno hlavne pre vlastn\u00fa spotrebu.<\/p>\n\n\n\n<p>Abecedn\u00fd zoznam vin\u00e1rov, ktor\u00ed otv\u00e1raj\u00fa svoje pivnice:<\/p>\n\n\n\n<figure class=\"wp-block-table is-style-stripes\"><table class=\"has-fixed-layout\"><tbody><tr><td>meno a&nbsp;priezvisko<br \/>adresa (pivnica)<br \/>telef\u00f3n<br \/>e-mail<br \/>ochutn\u00e1vky<br \/>hlavn\u00e9 odrody<br \/>mo\u017enos\u0165 n\u00e1kupu v\u00edna<\/td><td><strong>Jakub Achberger<\/strong><br \/>Mierov\u00e1 25<br \/>0944 007 967<br \/>vinoachberger@gmail.com<br \/>do 10 os\u00f4b<br \/>SZ, PL, VZ, RV, DEV<br \/>\u00e1no<\/td><\/tr><\/tbody><\/table><\/figure>\n\n\n\n<figure class=\"wp-block-table is-style-stripes\"><table class=\"has-fixed-layout\"><tbody><tr><td>meno a&nbsp;priezvisko<br \/>adresa (pivnica)<br \/>telef\u00f3n<br \/>e-mail<br \/>ochutn\u00e1vky<br \/>hlavn\u00e9 odrody<br \/>mo\u017enos\u0165 n\u00e1kupu v\u00edna<\/td><td><strong>Luk\u00e1\u0161 Achberger \u0160TYRI KOPCE<\/strong><br \/>Rulandsk\u00e1 1865\/12<br \/>0908 768 441<br \/>lukasachberger@gmail.com<br \/>do 10 os\u00f4b<br \/>RR, SEM, SG, PL, VZ, RV, MER, ALI<br \/>\u00e1no<\/td><\/tr><\/tbody><\/table><\/figure>\n\n\n\n<figure class=\"wp-block-table is-style-stripes\"><table class=\"has-fixed-layout\"><tbody><tr><td>meno a&nbsp;priezvisko<br \/>adresa (pivnica)<br \/>telef\u00f3n<br \/>e-mail<br \/>hlavn\u00e9 odrody<br \/>mo\u017enos\u0165 n\u00e1kupu v\u00edna<\/td><td><strong>Martin Achberger<\/strong><br \/>1. m\u00e1ja 36<br \/>0904 832 743<br \/>m.achberger@gmail.com<br \/>SZ, VZ, PL, V\u010cS, ALI<br \/>\u00e1no<\/td><\/tr><\/tbody><\/table><\/figure>\n\n\n\n<figure class=\"wp-block-table is-style-stripes\"><table class=\"has-fixed-layout\"><tbody><tr><td>meno a\u00a0priezvisko<br \/>adresa (pivnica)<br \/>telef\u00f3n<br \/>e-mail<br \/>web<br \/>ochutn\u00e1vky<br \/>hlavn\u00e9 odrody<br \/>mo\u017enos\u0165 n\u00e1kupu v\u00edna<\/td><td><strong>\u0160tefan Achberger STEVINO<\/strong><br \/>Bernol\u00e1kova 12<br \/>0910 315 432<br \/>s.achberger@gmail.com<br \/><a href=\"https:\/\/www.stevino.sk\/\" target=\"_blank\" rel=\"noreferrer noopener\">www.stevino.sk<\/a><br \/>do 15 os\u00f4b<br \/>Z, RV, RR, ALI, FM<br \/>\u00e1no<\/td><\/tr><\/tbody><\/table><\/figure>\n\n\n\n<figure class=\"wp-block-table is-style-stripes\"><table class=\"has-fixed-layout\"><tbody><tr><td>meno a&nbsp;priezvisko<br \/>adresa (pivnica)<br \/>telef\u00f3n<br \/>e-mail<br \/>web<br \/>ochutn\u00e1vky<br \/>hlavn\u00e9 odrody<br \/>mo\u017enos\u0165 n\u00e1kupu v\u00edna<\/td><td><strong>Bra\u0148o Bahna<\/strong><br \/>Prostredn\u00e1 48<br \/>0904 563917<br \/>brano.bahna@gmail.com<br \/><a href=\"http:\/\/www.branobahna.sk\" data-type=\"link\" data-id=\"www.branobahna.sk\" target=\"_blank\" rel=\"noreferrer noopener\">www.branobahna.sk<\/a><br \/>do 15 os\u00f4b<br \/>VZ, RV, RR, CS, MER<br \/>\u00e1no<\/td><\/tr><\/tbody><\/table><\/figure>\n\n\n\n<figure class=\"wp-block-table is-style-stripes\"><table class=\"has-fixed-layout\"><tbody><tr><td>meno a&nbsp;priezvisko<br \/>adresa (pivnica)<br \/>telef\u00f3n<br \/>e-mail<br \/>ochutn\u00e1vky<br \/>hlavn\u00e9 odrody<br \/>mo\u017enos\u0165 n\u00e1kupu v\u00edna<\/td><td><strong><\/strong><strong>Stanislav Barok<\/strong><br \/>\u0160t\u00farova 17<br \/>02 44971173<br \/>barokstanislav@zoznam.sk<br \/>do 10 os\u00f4b<br \/>RR, SZ, RB, MT, T\u010c, RV, FM, CS<br \/>\u00e1no<\/td><\/tr><\/tbody><\/table><\/figure>\n\n\n\n<figure class=\"wp-block-table is-style-stripes\"><table class=\"has-fixed-layout\"><tbody><tr><td>meno a\u00a0priezvisko<br \/>adresa (pivnica)<br \/>telef\u00f3n<br \/>e-mail<br \/>web<br \/>ochutn\u00e1vky<br \/>hlavn\u00e9 odrody<br \/>mo\u017enos\u0165 n\u00e1kupu v\u00edna<\/td><td><strong>Michal Ba\u017eal\u00edk<\/strong><br \/>Prostredn\u00e1 60<br \/>0915 222 174<br \/>michal.bazalik@gmail.com<br \/><a href=\"https:\/\/www.vinobazalik.sk\/\" data-type=\"link\" data-id=\"https:\/\/www.vinobazalik.sk\/\" target=\"_blank\" rel=\"noreferrer noopener\">www.vinobazalik.sk<\/a><br \/>do 15 os\u00f4b<br \/>VZ, SZ, RV, RR, FM, CS<br \/>\u00e1no<\/td><\/tr><\/tbody><\/table><\/figure>\n\n\n\n<figure class=\"wp-block-table is-style-stripes\"><table class=\"has-fixed-layout\"><tbody><tr><td>meno a&nbsp;priezvisko<br \/>adresa (pivnica)<br \/>telef\u00f3n<br \/>e-mail<br \/>ochutn\u00e1vky<br \/>hlavn\u00e9 odrody<br \/>mo\u017enos\u0165 n\u00e1kupu v\u00edna<\/td><td><strong>J\u00e1n Bedn\u00e1r<\/strong><br \/>Pezinsk\u00e1 31<br \/>0905 448 852<br \/>bednar@vuki.sk<br \/>do 10 os\u00f4b<br \/>MT, VZ, RB, RR, ALI, FM, DUN<br \/>\u00e1no<\/td><\/tr><\/tbody><\/table><\/figure>\n\n\n\n<figure class=\"wp-block-table is-style-stripes\"><table class=\"has-fixed-layout\"><tbody><tr><td>meno a&nbsp;priezvisko<br \/>adresa (pivnica)<br \/>telef\u00f3n<br \/>ochutn\u00e1vky<br \/>hlavn\u00e9 odrody<br \/>mo\u017enos\u0165 n\u00e1kupu v\u00edna<\/td><td><strong>Milan Blahovsk\u00fd<\/strong><br \/>Koll\u00e1rova 13<br \/>0944 236936<br \/>do 6 os\u00f4b<br \/>VZ, RV, ALI<br \/>\u00e1no<\/td><\/tr><\/tbody><\/table><\/figure>\n\n\n\n<figure class=\"wp-block-table is-style-stripes\"><table class=\"has-fixed-layout\"><tbody><tr><td>n\u00e1zov<br \/>adresa (pivnica)<br \/>telef\u00f3n<br \/>e-mail<br \/>web<br \/>ochutn\u00e1vky<br \/>hlavn\u00e9 odrody<br \/>mo\u017enos\u0165 n\u00e1kupu v\u00edna<\/td><td><strong>Vin\u00e1rstvo BOGN\u00c1R<\/strong><br \/>Prostredn\u00e1 ul.<br \/>902 651065<br \/>bognar@vinobognar.sk<br \/><a href=\"http:\/\/www.vinobognar.sk\" data-type=\"link\" data-id=\"www.vinobognar.sk\" target=\"_blank\" rel=\"noreferrer noopener\">www.vinobognar.sk<\/a><br \/>do 40 os\u00f4b<br \/>PL, SG, R\u0160, RR, T\u010c, PA<br \/>\u00e1no<\/td><\/tr><\/tbody><\/table><\/figure>\n\n\n\n<figure class=\"wp-block-table is-style-stripes\"><table class=\"has-fixed-layout\"><tbody><tr><td>n\u00e1zov<br \/>adresa (pivnica)<br \/>telef\u00f3n<br \/>e-mail<br \/>web<br \/>ochutn\u00e1vky<br \/>hlavn\u00e9 odrody<br \/>mo\u017enos\u0165 n\u00e1kupu v\u00edna<\/td><td><strong>Marek Cielontko<\/strong><br \/>Pezinsk\u00e1 49<br \/>0904 464 665<br \/>milovin@milovin.sk<br \/><a href=\"http:\/\/www.vinobognar.sk\" data-type=\"link\" data-id=\"www.vinobognar.sk\" target=\"_blank\" rel=\"noreferrer noopener\">www.milovin.sk<\/a><br \/>do 10 os\u00f4b<br \/>VZ, RR, T\u010c, DEV, DUN<br \/>\u00e1no<\/td><\/tr><\/tbody><\/table><\/figure>\n\n\n\n<figure class=\"wp-block-table is-style-stripes\"><table class=\"has-fixed-layout\"><tbody><tr><td>n\u00e1zov<br \/>adresa (pivnica)<br \/>telef\u00f3n<br \/>e-mail<br \/>web<br \/>ochutn\u00e1vky<br \/>hlavn\u00e9 odrody<br \/>mo\u017enos\u0165 n\u00e1kupu v\u00edna<\/td><td><strong>Dubovsk\u00fd &amp;\u00a0Gran\u010di\u010d<\/strong><br \/>Zuby 293<br \/>0905 657398, 0905 607379<br \/>obchod@dubovskygrancic.sk<br \/><a href=\"http:\/\/www.dubovskygrancic.sk\" data-type=\"link\" data-id=\"www.dubovskygrancic.sk\" target=\"_blank\" rel=\"noreferrer noopener\">www.dubovskygrancic.sk<\/a><br \/>do 50 os\u00f4b<br \/>RR, PL, VZ, RV, SG, SV, ALI<br \/>\u00e1no<\/td><\/tr><\/tbody><\/table><\/figure>\n\n\n\n<figure class=\"wp-block-table is-style-stripes\"><table class=\"has-fixed-layout\"><tbody><tr><td>meno a\u00a0priezvisko<br \/>adresa (pivnica)<br \/>telef\u00f3n<br \/>e-mail<br \/>web<br \/>ochutn\u00e1vky<br \/>hlavn\u00e9 odrody<br \/>mo\u017enos\u0165 n\u00e1kupu v\u00edna<\/td><td><strong>Miro Havel<\/strong><br \/>Hanzl\u00ed\u010dkova 4<br \/>0905 985463<br \/>miroslav.havel@mail.t-com.sk<br \/><a href=\"http:\/\/vinohavel.sk\/\" data-type=\"link\" data-id=\"http:\/\/vinohavel.sk\/\" target=\"_blank\" rel=\"noreferrer noopener\">www.vinohavel.sk<\/a><br \/>do 15 os\u00f4b<br \/>RV, PL, SG<br \/>\u00e1no<\/td><\/tr><\/tbody><\/table><\/figure>\n\n\n\n<figure class=\"wp-block-table is-style-stripes\"><table class=\"has-fixed-layout\"><tbody><tr><td>meno a&nbsp;priezvisko<br \/>adresa (pivnica)<br \/>telef\u00f3n<br \/>e-mail<br \/>ochutn\u00e1vky<br \/>hlavn\u00e9 odrody<br \/>mo\u017enos\u0165 n\u00e1kupu v\u00edna<\/td><td><strong>Andrej Horv\u00e1th<\/strong><br \/>Dr. Kautza 2<br \/>0902 811 277<br \/>andrejhorvath25@gmail.com<br \/>do 12 os\u00f4b<br \/>MT, RR, VZ<br \/>\u00e1no<\/td><\/tr><\/tbody><\/table><\/figure>\n\n\n\n<figure class=\"wp-block-table is-style-stripes\"><table class=\"has-fixed-layout\"><tbody><tr><td>meno a&nbsp;priezvisko<br \/>adresa (pivnica)<br \/>telef\u00f3n<br \/>e-mail<br \/>ochutn\u00e1vky<br \/>hlavn\u00e9 odrody<br \/>mo\u017enos\u0165 n\u00e1kupu v\u00edna<\/td><td><strong>Vincent Hupka<\/strong><br \/>Prostredn\u00e1 5<br \/>0905 487028<br \/>vincent.hupka@gmail.com<br \/>do 12 os\u00f4b<br \/>MT, RR, VZ<br \/>\u00e1no<\/td><\/tr><\/tbody><\/table><\/figure>\n\n\n\n<figure class=\"wp-block-table is-style-stripes\"><table class=\"has-fixed-layout\"><tbody><tr><td>meno a&nbsp;priezvisko<br \/>adresa (pivnica)<br \/>telef\u00f3n<br \/>e-mail<br \/>ochutn\u00e1vky<br \/>hlavn\u00e9 odrody<br \/>mo\u017enos\u0165 n\u00e1kupu v\u00edna<\/td><td><strong>Michal Je\u017eek HERGOTI\u010c<\/strong><br \/>Prostredn\u00e1 32<br \/>0904 569 717<br \/>vinarstvohergotic@gmail.com<br \/>do 12 os\u00f4b<br \/>MT, RR, RV, DUN<br \/>\u00e1no<\/td><\/tr><\/tbody><\/table><\/figure>\n\n\n\n<figure class=\"wp-block-table is-style-stripes\"><table class=\"has-fixed-layout\"><tbody><tr><td>meno a&nbsp;priezvisko<br \/>adresa (pivnica)<br \/>telef\u00f3n<br \/>e-mail<br \/>web<br \/>ochutn\u00e1vky<br \/>hlavn\u00e9 odrody<br \/>mo\u017enos\u0165 n\u00e1kupu v\u00edna<\/td><td><strong>Chowaniec &amp;\u00a0Kraj\u010d\u00edrovi\u010d<\/strong><br \/>Horn\u00e9 predmestie 16<br \/>0907 984433<br \/>chowaniec@nextra.sk<br \/><a href=\"http:\/\/www.vinnepivnice.sk\" data-type=\"link\" data-id=\"www.vinnepivnice.sk\" target=\"_blank\" rel=\"noreferrer noopener\">www.vinnepivnice.sk<\/a><br \/>do 20 os\u00f4b<br \/>RR, MT, VZ, PL, RV, T\u010c, AN, CS, ALI<br \/>\u00e1no<\/td><\/tr><\/tbody><\/table><\/figure>\n\n\n\n<figure class=\"wp-block-table is-style-stripes\"><table class=\"has-fixed-layout\"><tbody><tr><td>meno a&nbsp;priezvisko<br \/>adresa (pivnica)<br \/>telef\u00f3n<br \/>ochutn\u00e1vky<br \/>hlavn\u00e9 odrody<br \/>mo\u017enos\u0165 n\u00e1kupu v\u00edna<\/td><td><strong>Ladislav Kautz<\/strong><br \/>Ul. Dr. Kautza 1<br \/>0908 631552<br \/>do 15 os\u00f4b<br \/>RV, RR, MT<br \/>\u00e1no<\/td><\/tr><\/tbody><\/table><\/figure>\n\n\n\n<figure class=\"wp-block-table is-style-stripes\"><table class=\"has-fixed-layout\"><tbody><tr><td>meno a&nbsp;priezvisko<br \/>adresa (pivnica)<br \/>telef\u00f3n<br \/>ochutn\u00e1vky<br \/>hlavn\u00e9 odrody<br \/>mo\u017enos\u0165 n\u00e1kupu v\u00edna<\/td><td><strong>Michal Kosor\u00edn <\/strong><br \/>Ul. SNP 11<br \/>0903 449 620<br \/>do 15 os\u00f4b<br \/>MT, SZ, RV, SV<br \/>\u00e1no<\/td><\/tr><\/tbody><\/table><\/figure>\n\n\n\n<figure class=\"wp-block-table is-style-stripes\"><table class=\"has-fixed-layout\"><tbody><tr><td>meno a&nbsp;priezvisko<br \/>adresa (pivnica)<br \/>telef\u00f3n<br \/>ochutn\u00e1vky<br \/>hlavn\u00e9 odrody<br \/>mo\u017enos\u0165 n\u00e1kupu v\u00edna<\/td><td><strong>Mat\u00fa\u0161 Kozmon<\/strong><br \/>Pezinsk\u00e1 70<br \/>0911281251<br \/>do 10 os\u00f4b<br \/>RR, HIB<br \/>\u00e1no<\/td><\/tr><\/tbody><\/table><\/figure>\n\n\n\n<figure class=\"wp-block-table is-style-stripes\"><table class=\"has-fixed-layout\"><tbody><tr><td>meno a&nbsp;priezvisko<br \/>adresa (pivnica)<br \/>telef\u00f3n<br \/>e-mail<br \/>ochutn\u00e1vky<br \/>hlavn\u00e9 odrody<br \/>mo\u017enos\u0165 n\u00e1kupu v\u00edna<\/td><td><strong>Martin Mach\u00e1\u010dek<\/strong><br \/>Letohradsk\u00e1 6<br \/>0949 704 291<br \/>machacekvino@gmail.com<br \/>do 10 os\u00f4b<br \/>RR, VZ, PL, ALI, NER<br \/>\u00e1no<\/td><\/tr><\/tbody><\/table><\/figure>\n\n\n\n<figure class=\"wp-block-table is-style-stripes\"><table class=\"has-fixed-layout\"><tbody><tr><td>meno a&nbsp;priezvisko<br \/>adresa (pivnica)<br \/>telef\u00f3n<br \/>web<br \/>e-mail<br \/>ochutn\u00e1vky<br \/>hlavn\u00e9 odrody<br \/>mo\u017enos\u0165 n\u00e1kupu v\u00edna<\/td><td><strong>Ondrej Matula<\/strong><br \/>Sasinkova 3<br \/>0903 778407<br \/><a href=\"http:\/\/www.vinomatula.sk\" data-type=\"link\" data-id=\"www.vinomatula.sk\" target=\"_blank\" rel=\"noreferrer noopener\">www.vinomatula.sk<\/a><br \/>ondrej.matula@gmail.com<br \/>do 15 os\u00f4b<br \/>RR, MT, VZ, ALI<br \/>\u00e1no<\/td><\/tr><\/tbody><\/table><\/figure>\n\n\n\n<figure class=\"wp-block-table is-style-stripes\"><table class=\"has-fixed-layout\"><tbody><tr><td>meno a&nbsp;priezvisko<br \/>adresa (pivnica)<br \/>telef\u00f3n<br \/>e-mail<br \/>ochutn\u00e1vky<br \/>hlavn\u00e9 odrody<br \/>mo\u017enos\u0165 n\u00e1kupu v\u00edna<\/td><td><strong>Miro Miklovi\u010d<\/strong><br \/>Prostredn\u00e1 17<br \/>0905 591556<br \/>miro2m@gmail.com<br \/>do 40 os\u00f4b<br \/>MT, VZ, RR, RV, ZW, ALI<br \/>\u00e1no<\/td><\/tr><\/tbody><\/table><\/figure>\n\n\n\n<figure class=\"wp-block-table is-style-stripes\"><table class=\"has-fixed-layout\"><tbody><tr><td>meno a\u00a0priezvisko<br \/>adresa (pivnica)<br \/>telef\u00f3n<br \/>e-mail<br \/>web<br \/>ochutn\u00e1vky<br \/>hlavn\u00e9 odrody<br \/>mo\u017enos\u0165 n\u00e1kupu v\u00edna<\/td><td><strong>Andrej a Nadja Miklu\u0161i\u010d\u00e1k NABOSO<\/strong><br \/>Prostredn\u00e1 31<br \/>0910 275 158<br \/>info@nabosovino.sk<br \/><a href=\"http:\/\/www.nabosovino.sk\" data-type=\"link\" data-id=\"www.nabosovino.sk\" target=\"_blank\" rel=\"noreferrer noopener\">www.nabosovino.sk<\/a><br \/>do 10 os\u00f4b<br \/>VZ, RR, RV, FM<br \/>\u00e1no<\/td><\/tr><\/tbody><\/table><\/figure>\n\n\n\n<figure class=\"wp-block-table is-style-stripes\"><table class=\"has-fixed-layout\"><tbody><tr><td>meno a&nbsp;priezvisko<br \/>adresa (pivnica)<br \/>telef\u00f3n<br \/>e-mail<br \/>ochutn\u00e1vky<br \/>hlavn\u00e9 odrody<br \/>mo\u017enos\u0165 n\u00e1kupu v\u00edna<\/td><td><strong>Pavol Obo\u0148a<\/strong><br \/>Prostredn\u00e1 34<br \/>0917 533 459<br \/>vinoobona@gmail.com<br \/>do 10 os\u00f4b<br \/>VZ, SG, RR, RV, RM<br \/>\u00e1no<\/td><\/tr><\/tbody><\/table><\/figure>\n\n\n\n<figure class=\"wp-block-table is-style-stripes\"><table class=\"has-fixed-layout\"><tbody><tr><td>meno a&nbsp;priezvisko<br \/>adresa (pivnica)<br \/>telef\u00f3n<br \/>ochutn\u00e1vky<br \/>hlavn\u00e9 odrody<br \/>mo\u017enos\u0165 n\u00e1kupu v\u00edna<\/td><td><strong>Bohumil Pajer<\/strong><br \/>Prostredn\u00e1 40<br \/>0907 642548<br \/>do 56 os\u00f4b<br \/>MT, RV, RR, VZ, PL, V\u010cS<br \/>\u00e1no<\/td><\/tr><\/tbody><\/table><\/figure>\n\n\n\n<figure class=\"wp-block-table is-style-stripes\"><table class=\"has-fixed-layout\"><tbody><tr><td>meno a&nbsp;priezvisko<br \/>adresa (pivnica)<br \/>telef\u00f3n<br \/>ochutn\u00e1vky<br \/>hlavn\u00e9 odrody<br \/>mo\u017enos\u0165 n\u00e1kupu v\u00edna<\/td><td><strong>Walter a Mari\u00e1n Pajer<\/strong><br \/>Partiz\u00e1nska 4<br \/>0918 705 080<br \/>do 10 os\u00f4b<br \/>RR, SZ, ALI, MER<br \/>\u00e1no<\/td><\/tr><\/tbody><\/table><\/figure>\n\n\n\n<figure class=\"wp-block-table is-style-stripes\"><table class=\"has-fixed-layout\"><tbody><tr><td>meno a&nbsp;priezvisko<br \/>adresa (pivnica)<br \/>telef\u00f3n<br \/>ochutn\u00e1vky<br \/>hlavn\u00e9 odrody<br \/>mo\u017enos\u0165 n\u00e1kupu v\u00edna<\/td><td><strong>Martin Pajer<\/strong><br \/>Martina Kuku\u010d\u00edna 6<br \/>0948108997<br \/>do 10 os\u00f4b<br \/>RR, VZ, RB, PAL<br \/>\u00e1no<\/td><\/tr><\/tbody><\/table><\/figure>\n\n\n\n<figure class=\"wp-block-table is-style-stripes\"><table class=\"has-fixed-layout\"><tbody><tr><td>meno a&nbsp;priezvisko<br \/>adresa (pivnica)<br \/>telef\u00f3n<br \/>ochutn\u00e1vky<br \/>hlavn\u00e9 odrody<br \/>mo\u017enos\u0165 n\u00e1kupu v\u00edna<\/td><td><strong>Barbora Pucherov\u00e1<\/strong><br \/>Partiz\u00e1nska 17<br \/>0904 177 935<br \/>do 10 os\u00f4b<br \/>RR, MO, MER<br \/>\u00e1no<\/td><\/tr><\/tbody><\/table><\/figure>\n\n\n\n<figure class=\"wp-block-table is-style-stripes\"><table class=\"has-fixed-layout\"><tbody><tr><td>meno a&nbsp;priezvisko<br \/>adresa (pivnica)<br \/>telef\u00f3n<br \/>ochutn\u00e1vky<br \/>hlavn\u00e9 odrody<br \/>mo\u017enos\u0165 n\u00e1kupu v\u00edna<\/td><td><strong>Miro Reingraber<\/strong><br \/>Dru\u017estevn\u00e1 13<br \/>0910 994056<br \/>do 10 os\u00f4b<br \/>MT, IO, RV, RR, FM, MER<br \/>\u00e1no<\/td><\/tr><\/tbody><\/table><\/figure>\n\n\n\n<figure class=\"wp-block-table is-style-stripes\"><table class=\"has-fixed-layout\"><tbody><tr><td>meno a&nbsp;priezvisko<br \/>adresa (pivnica)<br \/>telef\u00f3n<br \/>e-mail<br \/>web<br \/>ochutn\u00e1vky<br \/>hlavn\u00e9 odrody<br \/>mo\u017enos\u0165 n\u00e1kupu v\u00edna<\/td><td><strong>Ivan Rus\u0148\u00e1k<\/strong><br \/>Bernol\u00e1kova 24<br \/>0903 444572, 0905 725841<br \/>irzvino@irzvino.sk<br \/><a href=\"http:\/\/www.irzvino.sk\" data-type=\"link\" data-id=\"www.irzvino.sk\" target=\"_blank\" rel=\"noreferrer noopener\">www.irzvino.sk<\/a><br \/>do 25 os\u00f4b<br \/>RB, RV, RR, PL, FM, ALI<br \/>\u00e1no<\/td><\/tr><\/tbody><\/table><\/figure>\n\n\n\n<figure class=\"wp-block-table is-style-stripes\"><table class=\"has-fixed-layout\"><tbody><tr><td>meno a&nbsp;priezvisko<br \/>adresa (pivnica)<br \/>telef\u00f3n<br \/>e-mail<br \/>hlavn\u00e9 odrody<br \/>mo\u017enos\u0165 n\u00e1kupu v\u00edna<\/td><td><strong>Denis Romanov<\/strong><br \/>Podhradie 78<br \/>0914 216476<br \/>de.romanov@gmail.com<br \/>VZ, PL, RR, RV<br \/>\u00e1no<\/td><\/tr><\/tbody><\/table><\/figure>\n\n\n\n<figure class=\"wp-block-table is-style-stripes\"><table class=\"has-fixed-layout\"><tbody><tr><td>meno a&nbsp;priezvisko<br \/>adresa (pivnica)<br \/>telef\u00f3n<br \/>e-mail<br \/>web<br \/>ochutn\u00e1vky<br \/>hlavn\u00e9 odrody<br \/>mo\u017enos\u0165 n\u00e1kupu v\u00edna<\/td><td><strong>Milo\u0161 \u0160melko<\/strong><br \/>Bratislavsk\u00e1 38<br \/>0949 614 627<br \/>jurskevino@gmail.com<br \/><a href=\"http:\/\/www.vinosmelko.sk\" data-type=\"link\" data-id=\"www.vinosmelko.sk\" target=\"_blank\" rel=\"noreferrer noopener\">www.vinosmelko.sk<\/a><br \/>do 10 os\u00f4b<br \/>RR, VZ, ALI<br \/>\u00e1no<\/td><\/tr><\/tbody><\/table><\/figure>\n\n\n\n<figure class=\"wp-block-table is-style-stripes\"><table class=\"has-fixed-layout\"><tbody><tr><td>meno a&nbsp;priezvisko<br \/>adresa (pivnica)<br \/>telef\u00f3n<br \/>e-mail<br \/>ochutn\u00e1vky<br \/>hlavn\u00e9 odrody<br \/>mo\u017enos\u0165 n\u00e1kupu v\u00edna<\/td><td><strong>Michal Zeliska<\/strong><br \/>Bratislavsk\u00e1 41<br \/>0902 730397<br \/>michal.zeliska@gmail.com<br \/>do 10 os\u00f4b<br \/>MT, FM, AN<br \/>\u00e1no<\/td><\/tr><\/tbody><\/table><\/figure>\n","protected":false},"excerpt":{"rendered":"<p>Pr\u00edrodn\u00e9 zlo\u017eky terroir dop\u013a\u0148a \u010dlovek &#8211; vinohradn\u00edk a vin\u00e1r, bez ktor\u00e9ho by v\u00edno nevzniklo. Vklad\u00e1 do\u0148 svoj nezamenite\u013en\u00fd rukopis. Vinohradn\u00edctvu vo Sv\u00e4tom Jure sa profesion\u00e1lne venuje v\u00e4\u010d\u0161ina \u010dlenov spolku, ktor\u00fdch zv\u00e4\u010d\u0161a rodinn\u00e9 firmy produkuj\u00fa origin\u00e1lne v\u00edna vysokej kvality, prezentuj\u00face sv\u00e4tojursk\u00fd terroir. Mnoh\u00ed obyvatelia mesta obr\u00e1baj\u00fa men\u0161ie plochy vin\u00edc a dor\u00e1baj\u00fa v\u00edno hlavne pre vlastn\u00fa spotrebu. [&hellip;]<\/p>\n","protected":false},"author":1,"featured_media":0,"parent":0,"menu_order":4,"comment_status":"closed","ping_status":"closed","template":"","meta":{"footnotes":""},"class_list":["post-422","page","type-page","status-publish","hentry","post-preview"],"_links":{"self":[{"href":"https:\/\/www.terroir.sk\/sjvs\/wp-json\/wp\/v2\/pages\/422","targetHints":{"allow":["GET"]}}],"collection":[{"href":"https:\/\/www.terroir.sk\/sjvs\/wp-json\/wp\/v2\/pages"}],"about":[{"href":"https:\/\/www.terroir.sk\/sjvs\/wp-json\/wp\/v2\/types\/page"}],"author":[{"embeddable":true,"href":"https:\/\/www.terroir.sk\/sjvs\/wp-json\/wp\/v2\/users\/1"}],"replies":[{"embeddable":true,"href":"https:\/\/www.terroir.sk\/sjvs\/wp-json\/wp\/v2\/comments?post=422"}],"version-history":[{"count":116,"href":"https:\/\/www.terroir.sk\/sjvs\/wp-json\/wp\/v2\/pages\/422\/revisions"}],"predecessor-version":[{"id":2432,"href":"https:\/\/www.terroir.sk\/sjvs\/wp-json\/wp\/v2\/pages\/422\/revisions\/2432"}],"wp:attachment":[{"href":"https:\/\/www.terroir.sk\/sjvs\/wp-json\/wp\/v2\/media?parent=422"}],"curies":[{"name":"wp","href":"https:\/\/api.w.org\/{rel}","templated":true}]}}